der when 432 is divided by 31.
29
Calculate the remainder when 6206 is divided by 2067.
5
What is the remainder when 286 is divided by 72?
70
Calculate the remainder when 1117 is divided by 131.
69
Calculate the remainder when 260 is divided by 48.
20
Calculate the remainder when 37 is divided by 4.
1
Calculate the remainder when 797 is divided by 25.
22
Calculate the remainder when 1021 is divided by 132.
97
Calculate the remainder when 81 is divided by 40.
1
What is the remainder when 113 is divided by 31?
20
Calculate the remainder when 1771 is divided by 17.
3
Calculate the remainder when 40 is divided by 17.
6
What is the remainder when 2020 is divided by 639?
103
Calculate the remainder when 823 is divided by 15.
13
Calculate the remainder when 393 is divided by 25.
18
What is the remainder when 148 is divided by 21?
1
What is the remainder when 1882 is divided by 37?
32
What is the remainder when 215 is divided by 31?
29
What is the remainder when 23 is divided by 9?
5
Calculate the remainder when 1481 is divided by 28.
25
Calculate the remainder when 2590 is divided by 236.
230
Calculate the remainder when 60 is divided by 3.
0
What is the remainder when 349 is divided by 35?
34
Calculate the remainder when 2432 is divided by 65.
27
Calculate the remainder when 1282 is divided by 92.
86
What is the remainder when 2583 is divided by 858?
9
What is the remainder when 1237 is divided by 20?
17
Calculate the remainder when 1434 is divided by 18.
12
What is the remainder when 10727 is divided by 298?
297
What is the remainder when 80 is divided by 29?
22
Calculate the remainder when 350 is divided by 8.
6
What is the remainder when 862 is divided by 285?
7
What is the remainder when 1176 is divided by 107?
106
What is the remainder when 263 is divided by 65?
3
What is the remainder when 24441 is divided by 14?
11
What is the remainder when 6560 is divided by 13?
8
Calculate the remainder when 870 is divided by 23.
19
Calculate the remainder when 426 is divided by 404.
22
Calculate the remainder when 202 is divided by 46.
18
What is the remainder when 437 is divided by 178?
81
What is the remainder when 205 is divided by 50?
5
What is the remainder when 10414 is divided by 112?
110
Calculate the remainder when 369 is divided by 19.
8
What is the remainder when 87 is divided by 4?
3
Calculate the remainder when 139 is divided by 68.
3
Calculate the remainder when 5369 is divided by 158.
155
What is the remainder when 13836 is divided by 8?
4
Calculate the remainder when 881 is divided by 20.
1
Calculate the remainder when 10758 is divided by 47.
42
What is the remainder when 105 is divided by 54?
51
Calculate the remainder when 856 is divided by 36.
28
What is the remainder when 1063 is divided by 83?
67
What is the remainder when 2937 is divided by 84?
81
Calculate the remainder when 748 is divided by 83.
1
What is the remainder when 429 is divided by 16?
13
What is the remainder when 625 is divided by 33?
31
Calculate the remainder when 261 is divided by 33.
30
What is the remainder when 147 is divided by 17?
11
What is the remainder when 75 is divided by 12?
3
Calculate the remainder when 1475 is divided by 106.
97
What is the remainder when 11572 is divided by 59?
8
Calculate the remainder when 482 is divided by 168.
146
What is the remainder when 439 is divided by 40?
39
What is the remainder when 170 is divided by 45?
35
What is the remainder when 126 is divided by 27?
18
What is the remainder when 146 is divided by 37?
35
Calculate the remainder when 100 is divided by 96.
4
Calculate the remainder when 693 is divided by 483.
210
What is the remainder when 640 is divided by 187?
79
What is the remainder when 12425 is divided by 43?
41
Calculate the remainder when 209 is divided by 57.
38
What is the remainder when 993 is divided by 136?
41
Calculate the remainder when 7065 is divided by 2354.
3
What is the remainder when 473 is divided by 74?
29
Calculate the remainder when 177 is divided by 32.
17
Calculate the remainder when 372 is divided by 15.
12
Calculate the remainder when 9008 is divided by 231.
230
What is the remainder when 700 is divided by 52?
24
What is the remainder when 2517 is divided by 10?
7
What is the remainder when 915 is divided by 210?
75
What is the remainder when 1307 is divided by 19?
15
What is the remainder when 3118 is divided by 60?
58
What is the remainder when 137 is divided by 6?
5
What is the remainder when 97 is divided by 11?
9
Calculate the remainder when 291 is divided by 59.
55
What is the remainder when 533 is divided by 260?
13
What is the remainder when 356 is divided by 91?
83
Calculate the remainder when 171 is divided by 5.
1
What is the remainder when 3269 is divided by 10?
9
What is the remainder when 727 is divided by 62?
45
Calculate the remainder when 779 is divided by 20.
19
Calculate the remainder when 49 is divided by 5.
4
Calculate the remainder when 177 is divided by 10.
7
What is the remainder when 445 is divided by 405?
40
What is the remainder when 210 is divided by 67?
9
Calculate the remainder when 20 is divided by 6.
2
Calculate the remainder when 9 is divided by 7.
2
Calculate the remainder when 27 is divided by 7.
6
Calculate the remainder when 1413 is divided by 145.
108
Calculate the remainder when 31 is divided by 26.
5
What is the remainder when 1323 is divided by 37?
28
Calculate the remainder when 584 is divided by 65.
64
Calculate the remainder when 102 is divided by 67.
35
What is the remainder when 3261 is divided by 17?
14
Calculate the remainder when 81 is divided by 2.
1
Calculate the remainder when 520 is divided by 49.
30
Calculate the remainder when 33369 is divided by 309.
306
Calculate the remainder when 110 is divided by 4.
2
What is the remainder when 372 is divided by 20?
12
What is the remainder when 929 is divided by 48?
17
What is the remainder when 6544 is divided by 95?
84
What is the remainder when 121 is divided by 23?
6
Calculate the remainder when 3119 is divided by 22.
17
Calculate the remainder when 148 is divided by 143.
5
What is the remainder when 37 is divided by 17?
3
Calculate the remainder when 182 is divided by 155.
27
What is the remainder when 923 is divided by 303?
14
What is the remainder when 483 is divided by 158?
9
Calculate the remainder when 258 is divided by 70.
48
Calculate the remainder when 384 is divided by 196.
188
What is the remainder when 926 is divided by 153?
8
Calculate the remainder when 4083 is divided by 22.
13
Calculate the remainder when 56 is divided by 19.
18
What is the remainder when 908 is divided by 131?
122
What is the remainder when 145 is divided by 15?
10
What is the remainder when 85 is divided by 45?
40
Calculate the remainder when 54 is divided by 5.
4
Calculate the remainder when 47 is divided by 21.
5
Calculate the remainder when 758 is divided by 59.
50
What is the remainder when 417 is divided by 27?
12
What is the remainder when 493 is divided by 83?
78
What is the remainder when 15857 is divided by 22?
17
What is the remainder when 177 is divided by 51?
24
What is the remainder when 461 is divided by 78?
71
Calculate the remainder when 424 is divided by 24.
16
Calculate the remainder when 544 is divided by 13.
11
Calculate the remainder when 212 is divided by 74.
64
Calculate the remainder when 195 is divided by 61.
12
What is the remainder when 139 is divided by 32?
11
What is the remainder when 31 is divided by 13?
5
What is the remainder when 174 is divided by 11?
9
Calculate the remainder when 3253 is divided by 48.
37
Calculate the remainder when 136 is divided by 59.
18
Calculate the remainder when 512 is divided by 44.
28
What is the remainder when 96 is divided by 34?
28
Calculate the remainder when 45 is divided by 16.
13
Calculate the remainder when 680 is divided by 43.
35
What is the remainder when 1503 is divided by 5?
3
Calculate the remainder when 460 is divided by 7.
5
Calculate the remainder when 160 is divided by 35.
20
Calculate the remainder when 233 is divided by 38.
5
Calculate the remainder when 870 is divided by 19.
15
Calculate the remainder when 147 is divided by 28.
7
What is the remainder when 185 is divided by 36?
5
What is the remainder when 130 is divided b